[INFO] cloning repository https://github.com/ElchananHaas/rustmtg-webserver
[INFO] running `Command { std: "git" "-c" "credential.helper=" "-c" "credential.helper=/workspace/cargo-home/bin/git-credential-null" "clone" "--bare" "https://github.com/ElchananHaas/rustmtg-webserver" "/workspace/cache/git-repos/https%3A%2F%2Fgithub.com%2FElchananHaas%2Frustmtg-webserver", kill_on_drop: false }`
[INFO] [stderr] Cloning into bare repository '/workspace/cache/git-repos/https%3A%2F%2Fgithub.com%2FElchananHaas%2Frustmtg-webserver'...
[INFO] running `Command { std: "git" "rev-parse" "HEAD", kill_on_drop: false }`
[INFO] [stdout] e4e3bffb704629eb206ebac08166d623954f8b6b
[INFO] checking ElchananHaas/rustmtg-webserver against master#e6e4f7ed1589e03bc2f6c5931c1a72e7947e8682 for beta-170-4
[INFO] running `Command { std: "git" "clone" "/workspace/cache/git-repos/https%3A%2F%2Fgithub.com%2FElchananHaas%2Frustmtg-webserver" "/workspace/builds/worker-5-tc2/source", kill_on_drop: false }`
[INFO] [stderr] Cloning into '/workspace/builds/worker-5-tc2/source'...
[INFO] [stderr] done.
[INFO] validating manifest of git repo https://github.com/ElchananHaas/rustmtg-webserver on toolchain e6e4f7ed1589e03bc2f6c5931c1a72e7947e8682
[INFO] running `Command { std: CARGO_HOME="/workspace/cargo-home" RUSTUP_HOME="/workspace/rustup-home" "/workspace/cargo-home/bin/cargo" "+e6e4f7ed1589e03bc2f6c5931c1a72e7947e8682" "metadata" "--manifest-path" "Cargo.toml" "--no-deps", kill_on_drop: false }`
[INFO] started tweaking git repo https://github.com/ElchananHaas/rustmtg-webserver
[INFO] finished tweaking git repo https://github.com/ElchananHaas/rustmtg-webserver
[INFO] tweaked toml for git repo https://github.com/ElchananHaas/rustmtg-webserver written to /workspace/builds/worker-5-tc2/source/Cargo.toml
[INFO] crate git repo https://github.com/ElchananHaas/rustmtg-webserver already has a lockfile, it will not be regenerated
[INFO] running `Command { std: CARGO_HOME="/workspace/cargo-home" RUSTUP_HOME="/workspace/rustup-home" "/workspace/cargo-home/bin/cargo" "+e6e4f7ed1589e03bc2f6c5931c1a72e7947e8682" "fetch" "--manifest-path" "Cargo.toml", kill_on_drop: false }`
[INFO] running `Command { std: "docker" "create" "-v" "/var/lib/crater-agent-workspace/builds/worker-5-tc2/target:/opt/rustwide/target:rw,Z" "-v" "/var/lib/crater-agent-workspace/builds/worker-5-tc2/source:/opt/rustwide/workdir:ro,Z" "-v" "/var/lib/crater-agent-workspace/cargo-home:/opt/rustwide/cargo-home:ro,Z" "-v" "/var/lib/crater-agent-workspace/rustup-home:/opt/rustwide/rustup-home:ro,Z" "-e" "SOURCE_DIR=/opt/rustwide/workdir" "-e" "CARGO_TARGET_DIR=/opt/rustwide/target" "-e" "CARGO_HOME=/opt/rustwide/cargo-home" "-e" "RUSTUP_HOME=/opt/rustwide/rustup-home" "-w" "/opt/rustwide/workdir" "-m" "1610612736" "--user" "0:0" "--network" "none" "ghcr.io/rust-lang/crates-build-env/linux@sha256:19e73879b68f455e41552ea35293514db52ea292d993f571636dbffedb77a1ee" "/opt/rustwide/cargo-home/bin/cargo" "+e6e4f7ed1589e03bc2f6c5931c1a72e7947e8682" "metadata" "--no-deps" "--format-version=1", kill_on_drop: false }`
[INFO] [stdout] be4bd5cdfb9afbd1710fc76c5a87c1d8ff391828455a2c4415656dfcf1b0fac6
[INFO] running `Command { std: "docker" "start" "-a" "be4bd5cdfb9afbd1710fc76c5a87c1d8ff391828455a2c4415656dfcf1b0fac6", kill_on_drop: false }`
[INFO] running `Command { std: "docker" "inspect" "be4bd5cdfb9afbd1710fc76c5a87c1d8ff391828455a2c4415656dfcf1b0fac6", kill_on_drop: false }`
[INFO] running `Command { std: "docker" "rm" "-f" "be4bd5cdfb9afbd1710fc76c5a87c1d8ff391828455a2c4415656dfcf1b0fac6", kill_on_drop: false }`
[INFO] [stdout] be4bd5cdfb9afbd1710fc76c5a87c1d8ff391828455a2c4415656dfcf1b0fac6
[INFO] running `Command { std: "docker" "create" "-v" "/var/lib/crater-agent-workspace/builds/worker-5-tc2/target:/opt/rustwide/target:rw,Z" "-v" "/var/lib/crater-agent-workspace/builds/worker-5-tc2/source:/opt/rustwide/workdir:ro,Z" "-v" "/var/lib/crater-agent-workspace/cargo-home:/opt/rustwide/cargo-home:ro,Z" "-v" "/var/lib/crater-agent-workspace/rustup-home:/opt/rustwide/rustup-home:ro,Z" "-e" "SOURCE_DIR=/opt/rustwide/workdir" "-e" "CARGO_TARGET_DIR=/opt/rustwide/target" "-e" "CARGO_INCREMENTAL=0" "-e" "RUST_BACKTRACE=full" "-e" "RUSTFLAGS=--cap-lints=forbid" "-e" "RUSTDOCFLAGS=--cap-lints=forbid" "-e" "CARGO_HOME=/opt/rustwide/cargo-home" "-e" "RUSTUP_HOME=/opt/rustwide/rustup-home" "-w" "/opt/rustwide/workdir" "-m" "1610612736" "--user" "0:0" "--network" "none" "ghcr.io/rust-lang/crates-build-env/linux@sha256:19e73879b68f455e41552ea35293514db52ea292d993f571636dbffedb77a1ee" "/opt/rustwide/cargo-home/bin/cargo" "+e6e4f7ed1589e03bc2f6c5931c1a72e7947e8682" "check" "--frozen" "--all" "--all-targets" "--message-format=json", kill_on_drop: false }`
[INFO] [stdout] 09653609f2c9a0f45018911ca170a6b147d1400537d09741eba0d8224b357644
[INFO] running `Command { std: "docker" "start" "-a" "09653609f2c9a0f45018911ca170a6b147d1400537d09741eba0d8224b357644", kill_on_drop: false }`
[INFO] [stderr]    Compiling proc-macro2 v1.0.56
[INFO] [stderr]    Compiling quote v1.0.26
[INFO] [stderr]    Compiling unicode-ident v1.0.6
[INFO] [stderr]    Compiling syn v1.0.107
[INFO] [stderr]    Compiling libc v0.2.139
[INFO] [stderr]    Compiling memchr v2.5.0
[INFO] [stderr]    Compiling version_check v0.9.4
[INFO] [stderr]     Checking itoa v1.0.5
[INFO] [stderr]    Compiling log v0.4.17
[INFO] [stderr]    Compiling serde_derive v1.0.152
[INFO] [stderr]    Compiling serde v1.0.152
[INFO] [stderr]     Checking pin-project-lite v0.2.9
[INFO] [stderr]    Compiling typenum v1.16.0
[INFO] [stderr]    Compiling futures-core v0.3.25
[INFO] [stderr]     Checking bytes v1.3.0
[INFO] [stderr]    Compiling generic-array v0.14.6
[INFO] [stderr]    Compiling lock_api v0.4.9
[INFO] [stderr]    Compiling parking_lot_core v0.9.6
[INFO] [stderr]     Checking ryu v1.0.12
[INFO] [stderr]    Compiling serde_json v1.0.91
[INFO] [stderr]    Compiling rustversion v1.0.11
[INFO] [stderr]    Compiling slab v0.4.7
[INFO] [stderr]     Checking minimal-lexical v0.2.1
[INFO] [stderr]    Compiling futures-channel v0.3.25
[INFO] [stderr]     Checking futures-sink v0.3.25
[INFO] [stderr]     Checking smallvec v1.10.0
[INFO] [stderr]    Compiling futures-task v0.3.25
[INFO] [stderr]     Checking nom v7.1.3
[INFO] [stderr]     Checking http v0.2.8
[INFO] [stderr]    Compiling unicase v2.6.0
[INFO] [stderr]    Compiling tokio v1.24.2
[INFO] [stderr]    Compiling schemars v0.8.11
[INFO] [stderr]    Compiling heck v0.4.0
[INFO] [stderr]     Checking once_cell v1.17.0
[INFO] [stderr]    Compiling futures-util v0.3.25
[INFO] [stderr]     Checking parking_lot v0.12.1
[INFO] [stderr]     Checking mio v0.8.5
[INFO] [stderr]     Checking socket2 v0.4.7
[INFO] [stderr]     Checking num_cpus v1.15.0
[INFO] [stderr]     Checking getrandom v0.2.8
[INFO] [stderr]     Checking signal-hook-registry v1.4.0
[INFO] [stderr]     Checking block-buffer v0.10.3
[INFO] [stderr]     Checking crypto-common v0.1.6
[INFO] [stderr]     Checking bitflags v1.3.2
[INFO] [stderr]    Compiling strsim v0.10.0
[INFO] [stderr]     Checking futures-io v0.3.25
[INFO] [stderr]    Compiling fnv v1.0.7
[INFO] [stderr]    Compiling httparse v1.8.0
[INFO] [stderr]     Checking dyn-clone v1.0.10
[INFO] [stderr]    Compiling ident_case v1.0.1
[INFO] [stderr]     Checking tinyvec_macros v0.1.0
[INFO] [stderr]    Compiling io-lifetimes v1.0.4
[INFO] [stderr]     Checking tinyvec v1.6.0
[INFO] [stderr]     Checking digest v0.10.6
[INFO] [stderr]     Checking rand_core v0.6.4
[INFO] [stderr]     Checking percent-encoding v2.2.0
[INFO] [stderr]    Compiling rustix v0.36.7
[INFO] [stderr]     Checking cpufeatures v0.2.5
[INFO] [stderr]     Checking rand_chacha v0.3.1
[INFO] [stderr]     Checking form_urlencoded v1.1.0
[INFO] [stderr]     Checking tracing-core v0.1.30
[INFO] [stderr]     Checking texttoken v0.1.0 (/opt/rustwide/workdir/texttoken)
[INFO] [stderr]    Compiling indexmap v1.9.2
[INFO] [stderr]     Checking base64 v0.13.1
[INFO] [stderr]     Checking linux-raw-sys v0.1.4
[INFO] [stderr]    Compiling thiserror v1.0.38
[INFO] [stderr]     Checking unicode-bidi v0.3.9
[INFO] [stderr]    Compiling mime_guess v2.0.4
[INFO] [stderr]     Checking tracing v0.1.37
[INFO] [stderr]     Checking rand v0.8.5
[INFO] [stderr]     Checking unicode-normalization v0.1.22
[INFO] [stderr]     Checking aho-corasick v0.7.20
[INFO] [stderr]     Checking regex-syntax v0.6.28
[INFO] [stderr]     Checking hashbrown v0.12.3
[INFO] [stderr]     Checking idna v0.3.0
[INFO] [stderr]     Checking mime v0.3.16
[INFO] [stderr]     Checking sha-1 v0.10.1
[INFO] [stderr]    Compiling syn v2.0.15
[INFO] [stderr]     Checking termcolor v1.2.0
[INFO] [stderr]     Checking remove_dir_all v0.5.3
[INFO] [stderr]     Checking safemem v0.3.3
[INFO] [stderr]     Checking fastrand v1.8.0
[INFO] [stderr]     Checking httpdate v1.0.2
[INFO] [stderr]     Checking url v2.3.1
[INFO] [stderr]     Checking regex v1.7.1
[INFO] [stderr]     Checking byteorder v1.4.3
[INFO] [stderr]     Checking utf-8 v0.7.6
[INFO] [stderr]     Checking humantime v2.1.0
[INFO] [stderr]     Checking try-lock v0.2.4
[INFO] [stderr]     Checking tempfile v3.3.0
[INFO] [stderr]     Checking buf_redux v0.8.4
[INFO] [stderr]     Checking want v0.3.0
[INFO] [stderr]     Checking is-terminal v0.4.2
[INFO] [stderr]     Checking sha1 v0.10.5
[INFO] [stderr]     Checking headers-core v0.2.0
[INFO] [stderr]     Checking http-body v0.4.5
[INFO] [stderr]     Checking twoway v0.1.8
[INFO] [stderr]    Compiling anyhow v1.0.68
[INFO] [stderr]     Checking tower-service v0.3.2
[INFO] [stderr]     Checking headers v0.3.8
[INFO] [stderr]     Checking rustls-pemfile v0.2.1
[INFO] [stderr]     Checking scoped-tls v1.0.1
[INFO] [stderr]     Checking multipart v0.18.0
[INFO] [stderr]    Compiling serde_derive_internals v0.26.0
[INFO] [stderr]    Compiling darling_core v0.14.2
[INFO] [stderr]     Checking env_logger v0.10.0
[INFO] [stderr]    Compiling strum_macros v0.24.3
[INFO] [stderr]    Compiling enum-map-derive v0.11.0
[INFO] [stderr]    Compiling futures-macro v0.3.25
[INFO] [stderr]    Compiling tokio-macros v1.8.2
[INFO] [stderr]    Compiling schemars_derive v0.8.11
[INFO] [stderr]     Checking enum-map v2.4.2
[INFO] [stderr]    Compiling derivative v2.2.0
[INFO] [stderr]    Compiling test-log v0.2.11
[INFO] [stderr]    Compiling darling_macro v0.14.2
[INFO] [stderr]     Checking strum v0.24.1
[INFO] [stderr]    Compiling thiserror-impl v1.0.38
[INFO] [stderr]    Compiling mtg_log_macro v0.1.0 (/opt/rustwide/workdir/mtg_log_macro)
[INFO] [stdout] warning: unused import: `Token`
[INFO] [stdout]  --> mtg_log_macro/src/lib.rs:2:123
[INFO] [stdout]   |
[INFO] [stdout] 2 | use syn::{parse_macro_input,DeriveInput,Data,Fields,Type, FieldsNamed, spanned::Spanned, FieldsUnnamed, DataEnum, token::{Token, Comma}, ...
[INFO] [stdout]   |                                                                                                                           ^^^^^
[INFO] [stdout]   |
[INFO] [stdout]   = note: `#[warn(unused_imports)]` on by default
[INFO] [stdout] 
[INFO] [stdout] 
[INFO] [stdout] warning: unreachable pattern
[INFO] [stdout]    --> mtg_log_macro/src/lib.rs:100:9
[INFO] [stdout]     |
[INFO] [stdout] 100 |         _=>unimplemented!()
[INFO] [stdout]     |         ^
[INFO] [stdout]     |
[INFO] [stdout]     = note: `#[warn(unreachable_patterns)]` on by default
[INFO] [stdout] 
[INFO] [stdout] 
[INFO] [stderr]    Compiling darling v0.14.2
[INFO] [stderr]    Compiling pin-project-internal v1.0.12
[INFO] [stderr]    Compiling serde_with_macros v2.3.1
[INFO] [stdout] warning: 2 warnings emitted
[INFO] [stdout] 
[INFO] [stdout] 
[INFO] [stderr]    Compiling async-recursion v1.0.2
[INFO] [stdout] warning: unused import: `Token`
[INFO] [stdout]  --> mtg_log_macro/src/lib.rs:2:123
[INFO] [stdout]   |
[INFO] [stdout] 2 | use syn::{parse_macro_input,DeriveInput,Data,Fields,Type, FieldsNamed, spanned::Spanned, FieldsUnnamed, DataEnum, token::{Token, Comma}, ...
[INFO] [stdout]   |                                                                                                                           ^^^^^
[INFO] [stdout]   |
[INFO] [stdout]   = note: `#[warn(unused_imports)]` on by default
[INFO] [stdout] 
[INFO] [stdout] 
[INFO] [stdout] warning: unreachable pattern
[INFO] [stdout]    --> mtg_log_macro/src/lib.rs:100:9
[INFO] [stdout]     |
[INFO] [stdout] 100 |         _=>unimplemented!()
[INFO] [stdout]     |         ^
[INFO] [stdout]     |
[INFO] [stdout]     = note: `#[warn(unreachable_patterns)]` on by default
[INFO] [stdout] 
[INFO] [stdout] 
[INFO] [stdout] warning: 2 warnings emitted
[INFO] [stdout] 
[INFO] [stdout] 
[INFO] [stdout] warning: unused import: `Token`
[INFO] [stdout]  --> mtg_log_macro/src/lib.rs:2:123
[INFO] [stdout]   |
[INFO] [stdout] 2 | use syn::{parse_macro_input,DeriveInput,Data,Fields,Type, FieldsNamed, spanned::Spanned, FieldsUnnamed, DataEnum, token::{Token, Comma}, ...
[INFO] [stdout]   |                                                                                                                           ^^^^^
[INFO] [stdout]   |
[INFO] [stdout]   = note: `#[warn(unused_imports)]` on by default
[INFO] [stdout] 
[INFO] [stdout] 
[INFO] [stdout] warning: unreachable pattern
[INFO] [stdout]    --> mtg_log_macro/src/lib.rs:100:9
[INFO] [stdout]     |
[INFO] [stdout] 100 |         _=>unimplemented!()
[INFO] [stdout]     |         ^
[INFO] [stdout]     |
[INFO] [stdout]     = note: `#[warn(unreachable_patterns)]` on by default
[INFO] [stdout] 
[INFO] [stdout] 
[INFO] [stdout] warning: 2 warnings emitted
[INFO] [stdout] 
[INFO] [stdout] 
[INFO] [stderr]     Checking tungstenite v0.17.3
[INFO] [stderr]     Checking futures-executor v0.3.25
[INFO] [stderr]     Checking futures v0.3.25
[INFO] [stderr]     Checking pin-project v1.0.12
[INFO] [stderr]     Checking tokio-util v0.7.4
[INFO] [stderr]     Checking tokio-stream v0.1.11
[INFO] [stderr]     Checking tokio-tungstenite v0.17.2
[INFO] [stderr]     Checking h2 v0.3.15
[INFO] [stderr]     Checking serde_with v2.3.1
[INFO] [stderr]     Checking serde_urlencoded v0.7.1
[INFO] [stderr]     Checking common v0.1.0 (/opt/rustwide/workdir/common)
[INFO] [stderr]     Checking hyper v0.14.23
[INFO] [stderr]     Checking carddb v0.1.0 (/opt/rustwide/workdir/carddb)
[INFO] [stderr]     Checking mtg_log v0.1.0 (/opt/rustwide/workdir/mtg_log)
[INFO] [stdout] error[E0405]: cannot find trait `MTGLog` in this scope
[INFO] [stdout]  --> mtg_log/src/lib.rs:5:7
[INFO] [stdout]   |
[INFO] [stdout] 5 |     x:i32,
[INFO] [stdout]   |       ^^^ not found in this scope
[INFO] [stdout] 
[INFO] [stdout] 
[INFO] [stdout] error[E0405]: cannot find trait `MTGLog` in this scope
[INFO] [stdout]  --> mtg_log/src/lib.rs:6:7
[INFO] [stdout]   |
[INFO] [stdout] 6 |     y:u64, 
[INFO] [stdout]   |       ^^^ not found in this scope
[INFO] [stdout] 
[INFO] [stdout] 
[INFO] [stdout] error[E0405]: cannot find trait `MTGLog` in this scope
[INFO] [stdout]  --> mtg_log/src/lib.rs:3:10
[INFO] [stdout]   |
[INFO] [stdout] 3 | #[derive(MTGLoggable)]
[INFO] [stdout]   |          ^^^^^^^^^^^ not found in this scope
[INFO] [stdout]   |
[INFO] [stdout]   = note: this error originates in the derive macro `MTGLoggable` (in Nightly builds, run with -Z macro-backtrace for more info)
[INFO] [stdout] 
[INFO] [stdout] 
[INFO] [stdout] error[E0412]: cannot find type `GameContext` in this scope
[INFO] [stdout]  --> mtg_log/src/lib.rs:3:10
[INFO] [stdout]   |
[INFO] [stdout] 3 | #[derive(MTGLoggable)]
[INFO] [stdout]   |          ^^^^^^^^^^^ not found in this scope
[INFO] [stdout]   |
[INFO] [stdout]   = note: this error originates in the derive macro `MTGLoggable` (in Nightly builds, run with -Z macro-backtrace for more info)
[INFO] [stdout] 
[INFO] [stdout] 
[INFO] [stdout] error[E0405]: cannot find trait `MTGLog` in this scope
[INFO] [stdout]   --> mtg_log/src/lib.rs:10:16
[INFO] [stdout]    |
[INFO] [stdout] 10 | struct Unnamed(usize);
[INFO] [stdout]    |                ^^^^^ not found in this scope
[INFO] [stdout] 
[INFO] [stdout] 
[INFO] [stdout] error[E0405]: cannot find trait `MTGLog` in this scope
[INFO] [stdout]  --> mtg_log/src/lib.rs:9:10
[INFO] [stdout]   |
[INFO] [stdout] 9 | #[derive(MTGLoggable)]
[INFO] [stdout]   |          ^^^^^^^^^^^ not found in this scope
[INFO] [stdout]   |
[INFO] [stdout]   = note: this error originates in the derive macro `MTGLoggable` (in Nightly builds, run with -Z macro-backtrace for more info)
[INFO] [stdout] 
[INFO] [stdout] 
[INFO] [stdout] error[E0412]: cannot find type `GameContext` in this scope
[INFO] [stdout]  --> mtg_log/src/lib.rs:9:10
[INFO] [stdout]   |
[INFO] [stdout] 9 | #[derive(MTGLoggable)]
[INFO] [stdout]   |          ^^^^^^^^^^^ not found in this scope
[INFO] [stdout]   |
[INFO] [stdout]   = note: this error originates in the derive macro `MTGLoggable` (in Nightly builds, run with -Z macro-backtrace for more info)
[INFO] [stdout] 
[INFO] [stdout] 
[INFO] [stdout] error[E0405]: cannot find trait `MTGLog` in this scope
[INFO] [stdout]   --> mtg_log/src/lib.rs:15:12
[INFO] [stdout]    |
[INFO] [stdout] 15 |     Orange(i32)
[INFO] [stdout]    |            ^^^ not found in this scope
[INFO] [stdout] 
[INFO] [stdout] 
[INFO] [stdout] error[E0405]: cannot find trait `MTGLog` in this scope
[INFO] [stdout]   --> mtg_log/src/lib.rs:12:10
[INFO] [stdout]    |
[INFO] [stdout] 12 | #[derive(MTGLoggable)]
[INFO] [stdout]    |          ^^^^^^^^^^^ not found in this scope
[INFO] [stdout]    |
[INFO] [stdout]    = note: this error originates in the derive macro `MTGLoggable` (in Nightly builds, run with -Z macro-backtrace for more info)
[INFO] [stdout] 
[INFO] [stdout] 
[INFO] [stdout] error[E0412]: cannot find type `GameContext` in this scope
[INFO] [stdout]   --> mtg_log/src/lib.rs:12:10
[INFO] [stdout]    |
[INFO] [stdout] 12 | #[derive(MTGLoggable)]
[INFO] [stdout]    |          ^^^^^^^^^^^ not found in this scope
[INFO] [stdout]    |
[INFO] [stdout]    = note: this error originates in the derive macro `MTGLoggable` (in Nightly builds, run with -Z macro-backtrace for more info)
[INFO] [stdout] 
[INFO] [stdout] 
[INFO] [stdout] error[E0405]: cannot find trait `MTGLog` in this scope
[INFO] [stdout]   --> mtg_log/src/lib.rs:21:17
[INFO] [stdout]    |
[INFO] [stdout] 21 |         hello : i32
[INFO] [stdout]    |                 ^^^ not found in this scope
[INFO] [stdout] 
[INFO] [stdout] 
[INFO] [stdout] error[E0405]: cannot find trait `MTGLog` in this scope
[INFO] [stdout]   --> mtg_log/src/lib.rs:18:10
[INFO] [stdout]    |
[INFO] [stdout] 18 | #[derive(MTGLoggable)]
[INFO] [stdout]    |          ^^^^^^^^^^^ not found in this scope
[INFO] [stdout]    |
[INFO] [stdout]    = note: this error originates in the derive macro `MTGLoggable` (in Nightly builds, run with -Z macro-backtrace for more info)
[INFO] [stdout] 
[INFO] [stdout] 
[INFO] [stdout] error[E0412]: cannot find type `GameContext` in this scope
[INFO] [stdout]   --> mtg_log/src/lib.rs:18:10
[INFO] [stdout]    |
[INFO] [stdout] 18 | #[derive(MTGLoggable)]
[INFO] [stdout]    |          ^^^^^^^^^^^ not found in this scope
[INFO] [stdout]    |
[INFO] [stdout]    = note: this error originates in the derive macro `MTGLoggable` (in Nightly builds, run with -Z macro-backtrace for more info)
[INFO] [stdout] 
[INFO] [stdout] 
[INFO] [stdout] error[E0405]: cannot find trait `MTGLog` in this scope
[INFO] [stdout]   --> mtg_log/src/lib.rs:25:10
[INFO] [stdout]    |
[INFO] [stdout] 25 | #[derive(MTGLoggable)]
[INFO] [stdout]    |          ^^^^^^^^^^^ not found in this scope
[INFO] [stdout]    |
[INFO] [stdout]    = note: this error originates in the derive macro `MTGLoggable` (in Nightly builds, run with -Z macro-backtrace for more info)
[INFO] [stdout] 
[INFO] [stdout] 
[INFO] [stdout] error[E0412]: cannot find type `GameContext` in this scope
[INFO] [stdout]   --> mtg_log/src/lib.rs:25:10
[INFO] [stdout]    |
[INFO] [stdout] 25 | #[derive(MTGLoggable)]
[INFO] [stdout]    |          ^^^^^^^^^^^ not found in this scope
[INFO] [stdout]    |
[INFO] [stdout]    = note: this error originates in the derive macro `MTGLoggable` (in Nightly builds, run with -Z macro-backtrace for more info)
[INFO] [stdout] 
[INFO] [stdout] 
[INFO] [stdout] error[E0405]: cannot find trait `MTGLog` in this scope
[INFO] [stdout]  --> mtg_log/src/lib.rs:5:7
[INFO] [stdout]   |
[INFO] [stdout] 5 |     x:i32,
[INFO] [stdout]   |       ^^^ not found in this scope
[INFO] [stdout] 
[INFO] [stdout] 
[INFO] [stdout] error[E0405]: cannot find trait `MTGLog` in this scope
[INFO] [stdout]  --> mtg_log/src/lib.rs:6:7
[INFO] [stdout]   |
[INFO] [stdout] 6 |     y:u64, 
[INFO] [stdout]   |       ^^^ not found in this scope
[INFO] [stdout] 
[INFO] [stdout] 
[INFO] [stdout] error[E0405]: cannot find trait `MTGLog` in this scope
[INFO] [stdout]  --> mtg_log/src/lib.rs:3:10
[INFO] [stdout]   |
[INFO] [stdout] 3 | #[derive(MTGLoggable)]
[INFO] [stdout]   |          ^^^^^^^^^^^ not found in this scope
[INFO] [stdout]   |
[INFO] [stdout]   = note: this error originates in the derive macro `MTGLoggable` (in Nightly builds, run with -Z macro-backtrace for more info)
[INFO] [stdout] 
[INFO] [stdout] 
[INFO] [stdout] error[E0412]: cannot find type `GameContext` in this scope
[INFO] [stdout]  --> mtg_log/src/lib.rs:3:10
[INFO] [stdout]   |
[INFO] [stdout] 3 | #[derive(MTGLoggable)]
[INFO] [stdout]   |          ^^^^^^^^^^^ not found in this scope
[INFO] [stdout]   |
[INFO] [stdout]   = note: this error originates in the derive macro `MTGLoggable` (in Nightly builds, run with -Z macro-backtrace for more info)
[INFO] [stdout] 
[INFO] [stdout] 
[INFO] [stdout] error[E0405]: cannot find trait `MTGLog` in this scope
[INFO] [stdout]   --> mtg_log/src/lib.rs:10:16
[INFO] [stdout]    |
[INFO] [stdout] 10 | struct Unnamed(usize);
[INFO] [stdout]    |                ^^^^^ not found in this scope
[INFO] [stdout] 
[INFO] [stdout] 
[INFO] [stdout] error[E0405]: cannot find trait `MTGLog` in this scope
[INFO] [stdout]  --> mtg_log/src/lib.rs:9:10
[INFO] [stdout]   |
[INFO] [stdout] 9 | #[derive(MTGLoggable)]
[INFO] [stdout]   |          ^^^^^^^^^^^ not found in this scope
[INFO] [stdout]   |
[INFO] [stdout]   = note: this error originates in the derive macro `MTGLoggable` (in Nightly builds, run with -Z macro-backtrace for more info)
[INFO] [stdout] 
[INFO] [stdout] 
[INFO] [stdout] error[E0412]: cannot find type `GameContext` in this scope
[INFO] [stdout]  --> mtg_log/src/lib.rs:9:10
[INFO] [stdout]   |
[INFO] [stdout] 9 | #[derive(MTGLoggable)]
[INFO] [stdout]   |          ^^^^^^^^^^^ not found in this scope
[INFO] [stdout]   |
[INFO] [stdout]   = note: this error originates in the derive macro `MTGLoggable` (in Nightly builds, run with -Z macro-backtrace for more info)
[INFO] [stdout] 
[INFO] [stdout] 
[INFO] [stdout] error[E0405]: cannot find trait `MTGLog` in this scope
[INFO] [stdout]   --> mtg_log/src/lib.rs:15:12
[INFO] [stdout]    |
[INFO] [stdout] 15 |     Orange(i32)
[INFO] [stdout]    |            ^^^ not found in this scope
[INFO] [stdout] 
[INFO] [stdout] 
[INFO] [stdout] error[E0405]: cannot find trait `MTGLog` in this scope
[INFO] [stdout]   --> mtg_log/src/lib.rs:12:10
[INFO] [stdout]    |
[INFO] [stdout] 12 | #[derive(MTGLoggable)]
[INFO] [stdout]    |          ^^^^^^^^^^^ not found in this scope
[INFO] [stdout]    |
[INFO] [stdout]    = note: this error originates in the derive macro `MTGLoggable` (in Nightly builds, run with -Z macro-backtrace for more info)
[INFO] [stdout] 
[INFO] [stdout] 
[INFO] [stdout] error[E0412]: cannot find type `GameContext` in this scope
[INFO] [stdout]   --> mtg_log/src/lib.rs:12:10
[INFO] [stdout]    |
[INFO] [stdout] 12 | #[derive(MTGLoggable)]
[INFO] [stdout]    |          ^^^^^^^^^^^ not found in this scope
[INFO] [stdout]    |
[INFO] [stdout]    = note: this error originates in the derive macro `MTGLoggable` (in Nightly builds, run with -Z macro-backtrace for more info)
[INFO] [stdout] 
[INFO] [stdout] 
[INFO] [stdout] error[E0405]: cannot find trait `MTGLog` in this scope
[INFO] [stdout]   --> mtg_log/src/lib.rs:21:17
[INFO] [stdout]    |
[INFO] [stdout] 21 |         hello : i32
[INFO] [stdout]    |                 ^^^ not found in this scope
[INFO] [stdout] 
[INFO] [stdout] 
[INFO] [stdout] error[E0405]: cannot find trait `MTGLog` in this scope
[INFO] [stdout]   --> mtg_log/src/lib.rs:18:10
[INFO] [stdout]    |
[INFO] [stdout] 18 | #[derive(MTGLoggable)]
[INFO] [stdout]    |          ^^^^^^^^^^^ not found in this scope
[INFO] [stdout]    |
[INFO] [stdout]    = note: this error originates in the derive macro `MTGLoggable` (in Nightly builds, run with -Z macro-backtrace for more info)
[INFO] [stdout] 
[INFO] [stdout] 
[INFO] [stdout] error[E0412]: cannot find type `GameContext` in this scope
[INFO] [stdout]   --> mtg_log/src/lib.rs:18:10
[INFO] [stdout]    |
[INFO] [stdout] 18 | #[derive(MTGLoggable)]
[INFO] [stdout]    |          ^^^^^^^^^^^ not found in this scope
[INFO] [stdout]    |
[INFO] [stdout]    = note: this error originates in the derive macro `MTGLoggable` (in Nightly builds, run with -Z macro-backtrace for more info)
[INFO] [stdout] 
[INFO] [stdout] 
[INFO] [stdout] error[E0405]: cannot find trait `MTGLog` in this scope
[INFO] [stdout]   --> mtg_log/src/lib.rs:25:10
[INFO] [stdout]    |
[INFO] [stdout] 25 | #[derive(MTGLoggable)]
[INFO] [stdout]    |          ^^^^^^^^^^^ not found in this scope
[INFO] [stdout]    |
[INFO] [stdout]    = note: this error originates in the derive macro `MTGLoggable` (in Nightly builds, run with -Z macro-backtrace for more info)
[INFO] [stdout] 
[INFO] [stdout] 
[INFO] [stdout] error[E0412]: cannot find type `GameContext` in this scope
[INFO] [stdout]   --> mtg_log/src/lib.rs:25:10
[INFO] [stdout]    |
[INFO] [stdout] 25 | #[derive(MTGLoggable)]
[INFO] [stdout]    |          ^^^^^^^^^^^ not found in this scope
[INFO] [stdout]    |
[INFO] [stdout]    = note: this error originates in the derive macro `MTGLoggable` (in Nightly builds, run with -Z macro-backtrace for more info)
[INFO] [stdout] 
[INFO] [stdout] 
[INFO] [stdout] warning: unused import: `super::*`
[INFO] [stdout]   --> mtg_log/src/lib.rs:29:9
[INFO] [stdout]    |
[INFO] [stdout] 29 |     use super::*;
[INFO] [stdout]    |         ^^^^^^^^
[INFO] [stdout]    |
[INFO] [stdout]    = note: `#[warn(unused_imports)]` on by default
[INFO] [stdout] 
[INFO] [stdout] 
[INFO] [stdout] error: aborting due to 15 previous errors; 1 warning emitted
[INFO] [stdout] 
[INFO] [stdout] 
[INFO] [stdout] Some errors have detailed explanations: E0405, E0412.
[INFO] [stdout] 
[INFO] [stdout] For more information about an error, try `rustc --explain E0405`.
[INFO] [stdout] 
[INFO] [stdout] error: aborting due to 15 previous errors
[INFO] [stdout] 
[INFO] [stdout] 
[INFO] [stdout] Some errors have detailed explanations: E0405, E0412.
[INFO] [stdout] 
[INFO] [stdout] For more information about an error, try `rustc --explain E0405`.
[INFO] [stdout] 
[INFO] [stderr] error: could not compile `mtg_log` (lib test) due to 16 previous errors; 1 warning emitted
[INFO] [stderr] warning: build failed, waiting for other jobs to finish...
[INFO] [stderr] error: could not compile `mtg_log` (lib) due to 16 previous errors
[INFO] running `Command { std: "docker" "inspect" "09653609f2c9a0f45018911ca170a6b147d1400537d09741eba0d8224b357644", kill_on_drop: false }`
[INFO] running `Command { std: "docker" "rm" "-f" "09653609f2c9a0f45018911ca170a6b147d1400537d09741eba0d8224b357644", kill_on_drop: false }`
[INFO] [stdout] 09653609f2c9a0f45018911ca170a6b147d1400537d09741eba0d8224b357644
